8?
19
What is the highest common factor of 13 and 923?
13
Calculate the greatest common factor of 42 and 174.
6
Calculate the greatest common factor of 28 and 12.
4
Calculate the greatest common factor of 24192 and 42.
42
Calculate the highest common factor of 689 and 159.
53
What is the greatest common factor of 1443 and 2109?
111
What is the greatest common divisor of 450 and 850?
50
What is the greatest common factor of 36 and 42?
6
What is the greatest common factor of 407 and 1517?
37
Calculate the greatest common factor of 45 and 1395.
45
Calculate the greatest common factor of 20 and 980.
20
What is the greatest common divisor of 44 and 484?
44
What is the highest common divisor of 16 and 13712?
16
Calculate the highest common factor of 10 and 2070.
10
Calculate the greatest common factor of 16135 and 30.
5
Calculate the greatest common factor of 1705 and 880.
55
What is the greatest common divisor of 9290 and 10?
10
Calculate the greatest common factor of 36 and 84.
12
What is the highest common divisor of 396 and 22?
22
Calculate the greatest common divisor of 976 and 8.
8
Calculate the highest common factor of 7092 and 24.
12
Calculate the highest common factor of 116 and 1972.
116
Calculate the greatest common factor of 7050 and 60.
30
Calculate the highest common divisor of 27 and 2979.
9
What is the highest common divisor of 722 and 2?
2
What is the highest common divisor of 414 and 54?
18
What is the greatest common divisor of 102 and 3978?
102
What is the greatest common divisor of 78 and 1794?
78
Calculate the highest common divisor of 272 and 34.
34
What is the highest common factor of 20 and 10?
10
What is the greatest common divisor of 760 and 38?
38
Calculate the highest common divisor of 436 and 545.
109
What is the highest common factor of 560 and 245?
35
What is the highest common divisor of 20 and 65700?
20
What is the greatest common divisor of 210 and 350?
70
What is the highest common factor of 164 and 15375?
41
Calculate the greatest common factor of 112 and 1960.
56
Calculate the greatest common divisor of 31 and 32.
1
Calculate the highest common factor of 80 and 1920.
80
What is the greatest common divisor of 1175 and 675?
25
What is the highest common divisor of 10 and 930?
10
Calculate the greatest common divisor of 143 and 78.
13
Calculate the highest common divisor of 5824 and 140.
28
Calculate the greatest common divisor of 126 and 2826.
18
Calculate the highest common divisor of 8 and 200.
8
Calculate the highest common divisor of 25 and 1600.
25
What is the highest common factor of 832 and 16?
16
What is the greatest common divisor of 171 and 27?
9
What is the greatest common factor of 18 and 25533?
9
What is the greatest common factor of 26 and 1846?
26
What is the greatest common factor of 27753 and 99?
33
Calculate the highest common factor of 354 and 1829.
59
What is the highest common factor of 73 and 37157?
73
Calculate the highest common factor of 184 and 138.
46
Calculate the highest common factor of 1566 and 290.
58
Calculate the greatest common factor of 1 and 64.
1
What is the highest common factor of 74 and 74?
74
What is the greatest common divisor of 152 and 4332?
76
What is the greatest common divisor of 2760 and 15?
15
Calculate the greatest common divisor of 152 and 56.
8
What is the highest common divisor of 29 and 493?
29
Calculate the greatest common divisor of 12 and 996.
12
What is the highest common factor of 13 and 1027?
13
What is the highest common divisor of 169 and 104?
13
What is the highest common divisor of 70 and 364?
14
What is the greatest common divisor of 26 and 3679?
13
What is the highest common divisor of 164 and 4961?
41
What is the highest common factor of 3672 and 40?
8
What is the greatest common factor of 5 and 65?
5
Calculate the highest common factor of 488 and 56.
8
Calculate the highest common factor of 42 and 336.
42
Calculate the highest common factor of 770 and 3311.
77
Calculate the highest common factor of 415 and 83.
83
What is the highest common factor of 274 and 1233?
137
What is the greatest common factor of 1420 and 40?
20
What is the greatest common factor of 1 and 137?
1
Calculate the greatest common factor of 536 and 288.
8
What is the greatest common factor of 3199 and 7?
7
Calculate the greatest common divisor of 108 and 3312.
36
Calculate the greatest common divisor of 8328 and 48.
24
Calculate the highest common factor of 1886 and 230.
46
What is the greatest common factor of 2322 and 162?
54
Calculate the greatest common factor of 148 and 36.
4
What is the highest common divisor of 13730 and 20?
10
Calculate the greatest common divisor of 48 and 16.
16
What is the highest common divisor of 100 and 4?
4
Calculate the greatest common factor of 2640 and 2090.
110
Calculate the greatest common divisor of 6083 and 154.
77
What is the highest common factor of 483 and 168?
21
Calculate the highest common factor of 41 and 17.
1
What is the highest common divisor of 345 and 1575?
15
What is the greatest common divisor of 455 and 182?
91
Calculate the greatest common factor of 57012 and 24.
12
Calculate the greatest common factor of 95 and 19.
19
What is the highest common factor of 399 and 54663?
399
Calculate the greatest common divisor of 486 and 1998.
54
What is the highest common divisor of 80 and 100?
20
What is the highest common divisor of 34 and 70?
2
Calculate the highest common divisor of 18 and 3798.
18
Calculate the highest common factor of 1500 and 25.
25
What is the greatest common factor of 1635 and 45?
15
Calculate the highest common divisor of 297 and 189.
27
Calculate the greatest common factor of 960 and 15.
15
Calculate the highest common factor of 312 and 1092.
156
Calculate the highest common factor of 300 and 700.
100
What is the highest common factor of 1066 and 164?
82
What is the highest common factor of 98 and 322?
14
What is the highest common divisor of 348 and 4?
4
What is the highest common factor of 40 and 4072?
8
What is the greatest common divisor of 118 and 26491?
59
Calculate the greatest common divisor of 299 and 52.
13
Calculate the greatest common divisor of 15960 and 855.
285
Calculate the greatest common divisor of 386 and 1.
1
What is the greatest common factor of 77 and 121?
11
Calculate the greatest common factor of 5160 and 30.
30
Calculate the highest common factor of 18 and 666.
18
What is the greatest common factor of 2 and 4?
2
What is the greatest common factor of 14101 and 59?
59
What is the highest common factor of 14656 and 64?
64
Calculate the highest common factor of 13 and 559.
13
Calculate the greatest common divisor of 492 and 744.
12
What is the highest common factor of 3431 and 47?
47
What is the greatest common divisor of 28 and 340?
4
Calculate the greatest common factor of 17 and 2720.
17
Calculate the highest common divisor of 2 and 94.
2
Calculate the highest common divisor of 825 and 33.
33
What is the highest common factor of 5004 and 36?
36
Calculate the greatest common factor of 138 and 782.
46
What is the highest common divisor of 220 and 20?
20
What is the highest common factor of 20 and 2110?
10
What is the greatest common factor of 52 and 637?
13
Calculate the highest common divisor of 126 and 25641.
63
What is the highest common factor of 96 and 6432?
96
What is the highest common divisor of 1241 and 4015?
73
Calculate the highest common factor of 5 and 415.
5
What is the highest common factor of 1169 and 835?
167
Calculate the greatest common factor of 8099 and 356.
89
What is the greatest common divisor of 98 and 70?
14
Calculate the highest common factor of 38421 and 27.
27
What is the highest common factor of 2380 and 60?
20
What is the greatest common divisor of 20 and 35?
5
What is the greatest common divisor of 12072 and 24?
24
What is the highest common factor of 26 and 130?
26
Calculate the highest common factor of 5177 and 334.
167
What is the highest common factor of 155 and 4495?
155
Calculate the highest common factor of 7 and 3815.
7
What is the greatest common factor of 29 and 203?
29
What is the greatest common divisor of 81 and 324?
81
What is the highest common factor of 21 and 40656?
21
Calculate the greatest common divisor of 18 and 20.
2
What is the gr